 of 960306025?
9
What is the thousands digit of 2058599667?
9
What is the ten millions digit of 183283356?
8
What is the thousands digit of 158997542?
7
What is the tens digit of 250681599?
9
What is the ten thousands digit of 4437963?
3
What is the ten thousands digit of 53143211?
4
What is the units digit of 74430679?
9
What is the tens digit of 32143522?
2
What is the hundred millions digit of 534974926?
5
What is the tens digit of 2368026819?
1
What is the millions digit of 200048280?
0
What is the units digit of 32420270?
0
What is the thousands digit of 1050808871?
8
What is the ten millions digit of 213306220?
1
What is the tens digit of 2693086042?
4
What is the hundred thousands digit of 2700475399?
4
What is the hundred millions digit of 249093121?
2
What is the hundred millions digit of 1111682560?
1
What is the millions digit of 145710208?
5
What is the millions digit of 69199001?
9
What is the ten thousands digit of 81206227?
0
What is the units digit of 354035391?
1
What is the hundred millions digit of 217553232?
2
What is the units digit of 120275208?
8
What is the tens digit of 1383967437?
3
What is the millions digit of 103260882?
3
What is the millions digit of 7866541?
7
What is the units digit of 38016454?
4
What is the ten thousands digit of 212583570?
8
What is the ten millions digit of 1194891549?
9
What is the hundreds digit of 2440230544?
5
What is the hundred thousands digit of 104889726?
8
What is the thousands digit of 71319732?
9
What is the hundreds digit of 21978697?
6
What is the hundred thousands digit of 430727214?
7
What is the hundred thousands digit of 50256515?
2
What is the ten millions digit of 71191907?
7
What is the hundred thousands digit of 1706752089?
7
What is the tens digit of 4374885119?
1
What is the hundred thousands digit of 1899986?
8
What is the hundreds digit of 417515661?
6
What is the thousands digit of 42334760?
4
What is the ten thousands digit of 3734520739?
2
What is the thousands digit of 485444095?
4
What is the ten millions digit of 674476375?
7
What is the hundreds digit of 5285022963?
9
What is the ten millions digit of 30246151?
3
What is the units digit of 26652370?
0
What is the thousands digit of 28329258?
9
What is the hundred thousands digit of 1066568572?
5
What is the hundred millions digit of 897529114?
8
What is the ten thousands digit of 3532978753?
7
What is the hundred millions digit of 4173731641?
1
What is the hundred thousands digit of 53652712?
6
What is the hundreds digit of 19628397?
3
What is the units digit of 170634575?
5
What is the hundred millions digit of 866485898?
8
What is the hundreds digit of 17621037?
0
What is the units digit of 530727826?
6
What is the thousands digit of 3377240456?
0
What is the ten thousands digit of 2147830582?
3
What is the thousands digit of 25377577?
7
What is the millions digit of 8690369?
8
What is the hundreds digit of 249944307?
3
What is the hundred millions digit of 4113438430?
1
What is the ten thousands digit of 1377659?
7
What is the hundred millions digit of 710560374?
7
What is the hundred thousands digit of 153875909?
8
What is the hundreds digit of 938554633?
6
What is the ten millions digit of 4435692128?
3
What is the millions digit of 345962559?
5
What is the millions digit of 50277499?
0
What is the thousands digit of 100158403?
8
What is the hundred millions digit of 6686907933?
6
What is the ten millions digit of 2707290313?
0
What is the hundred thousands digit of 65756668?
7
What is the thousands digit of 89561168?
1
What is the hundreds digit of 122863855?
8
What is the hundred thousands digit of 1507623651?
6
What is the hundreds digit of 215290969?
9
What is the units digit of 1656869238?
8
What is the thousands digit of 119777594?
7
What is the millions digit of 46083622?
6
What is the hundreds digit of 419111025?
0
What is the hundred thousands digit of 39552471?
5
What is the hundreds digit of 56696101?
1
What is the hundreds digit of 105364988?
9
What is the thousands digit of 64002598?
2
What is the ten millions digit of 747851555?
4
What is the thousands digit of 5549517768?
7
What is the ten millions digit of 372741441?
7
What is the millions digit of 277282390?
7
What is the ten thousands digit of 296023777?
2
What is the ten millions digit of 661945011?
6
What is the ten millions digit of 192666381?
9
What is the ten thousands digit of 97686859?
8
What is the billions digit of 5608986699?
5
What is the ten thousands digit of 266974259?
7
What is the hundreds digit of 20203055?
0
What is the tens digit of 206203588?
8
What is the hundreds digit of 210574427?
4
What is the ten thousands digit of 5364133567?
3
What is the ten thousands digit of 847346865?
4
What is the tens digit of 1491650856?
5
What is the hundreds digit of 980008852?
8
What is the ten thousands digit of 997103006?
0
What is the units digit of 679997868?
8
What is the millions digit of 336811251?
6
What is the ten millions digit of 160029101?
6
What is the hundred millions digit of 3125295544?
1
What is the hundred thousands digit of 1198880423?
8
What is the thousands digit of 40636829?
6
What is the ten millions digit of 1241435799?
4
What is the thousands digit of 1160956?
0
What is the millions digit of 105801017?
5
What is the millions digit of 47088864?
7
What is the ten millions digit of 120483918?
2
What is the tens digit of 2409186008?
0
What is the ten millions digit of 4214765588?
1
What is the ten thousands digit of 154117276?
1
What is the hundreds digit of 92661339?
3
What is the millions digit of 86623705?
6
What is the hundred millions digit of 2237543756?
2
What is the millions digit of 1605738509?
5
What is the ten thousands digit of 304503954?
0
What is the hundreds digit of 63373052?
0
What is the ten millions digit of 479173262?
7
What is the units digit of 49904243?
3
What is the hundred millions digit of 3856046889?
8
What is the hundred millions digit of 175389670?
1
What is the thousands digit of 330056870?
6
What is the millions digit of 806897571?
6
What is the ten thousands digit of 65423364?
2
What is the millions digit of 44235533?
4
What is the ten millions digit of 1815965433?
1
What is the ten millions digit of 57152651?
5
What is the tens digit of 165302994?
9
What is the hundred millions digit of 4243691715?
2
What is the tens digit of 488332393?
9
What is the thousands digit of 63583792?
3
What is the tens digit of 1416946503?
0
What is the hundreds digit of 24968605?
6
What is the thousands digit of 52627788?
7
What is the hundred thousands digit of 1392197655?
1
What is the thousands digit of 101076508?
6
What is the tens digit of 42368642?
4
What is the ten millions digit of 851507071?
5
What is the thousands digit of 421817?
1
What is the hundred thousands digit of 436411856?
4
What is the tens digit of 3023804076?
7
What is the ten millions digit of 392146840?
9
What is the ten millions digit of 35577073?
3
What is the thousands digit of 185809145?
9
What is the hundreds digit of 50703487?
4
What is the tens digit of 12414591?
9
What is the units digit of 1646085082?
2
What is the millions digit of 30678561?
0
What is the tens digit of 49191645?
4
What is the hundreds digit of 55022943?
9
What is the millions digit of 594990056?
4
What is the tens digit of 1583607240?
4
What is the hundred thousands digit of 52247762?
2
What is the units digit of 2278630056?
6
What is the millions digit of 4992721552?
2
What is the ten thousands digit of 30191458?
9
What is the units digit of 114527473?
3
What is the hundred thousands digit of 1892140521?
1
What is the hundred thousands digit of 2946788548?
7
What is the ten millions digit of 54328528?
5
What is the ten thousands digit of 29014328?
1
What is the ten thousands digit of 511303815?
0
What is the hundred thousands digit of 101714522?
7
What is the ten thousands digit of 58889664?
8
What is the thousands digit of 88883522?
3
What is the tens digit of 39320406?
0
What is the hundreds digit of 49507059?
0
What is the hundred thousands digit of 82481993?
4
What is the ten thousands digit of 2804594939?
9
What is the thousands digit of 5147917906?
7
What is the millions digit of 219170749?
9
What is the thousands digit of 75758090?
8
What